 25 - -14.
5
Calculate -4 - (-8 + 9 + -10).
5
Evaluate 1 - (4 + 8 + (-8 - -3)).
-6
Calculate -17 + 23 + (7 - 14 - 11).
-12
(11 - 2 - (-15 - -16)) + -14
-6
Calculate 2 - 5 - (-13 + -6 + 10 + 2).
4
What is the value of (-9 - 15) + 0 + 14?
-10
What is -4 + (19 - 16 - (0 - -1)) + 3?
1
What is the value of 0 + 17 - (4 + (14 + -25 - -12))?
12
Calculate (37 - (-57 + 36)) + -33.
25
Evaluate -8 + 5 + -3 - (3 - 9 - -7).
-7
What is the value of 6 + 20 + -47 + 14?
-7
What is the value of (3 - (-1 - -1)) + -548 + 533?
-12
Evaluate 442 + -472 + (3 + (0 - 1) - 11).
-39
Calculate -2 + (0 - -2) + (-9 - (-4 - -11)).
-16
Evaluate 11 + -3 + 7 - 29.
-14
What is the value of (-9 - -21) + -6 + -13 + 11?
4
What is 2 + -9 - (-14 - (-14 - -17))?
10
Calculate -22 + -3 + (3 - 0) + 1 + 2.
-19
Calculate (1 + -22 - (-1 - 0)) + (-465 - -470).
-15
Calculate 6 + 6 + -20 - -18.
10
Calculate -1 - -13 - (21 - 32 - (-5 + 0)).
18
What is 73 - 54 - ((-7 - -2 - -3) + 5)?
16
Evaluate (-31 - -37) + -19 + (-1 - (-3 - 0)).
-11
What is the value of -7 + (26 - 13) + -20?
-14
Calculate (31 - 18) + 2 + -5.
10
What is (-11 - ((19 - -18) + -14)) + -3?
-37
What is the value of -5 - ((-8 - -9 - -1) + (1 - 0))?
-8
What is the value of -2 - ((-6 - -13) + -19)?
10
What is 0 + (-28 - (-15 + 10) - 8 - -1)?
-30
3 - 0 - -3 - ((7 - -11) + 17)
-29
(20 - (18 + 1)) + 4
5
What is 12 - (-1 - -6 - 2 - 1)?
10
Calculate -8 + (3 + 1 - (-147 + 147)).
-4
Calculate 8 - (3 - -1) - (36 + -13 - 12).
-7
What is the value of -18 - (19 - (-1 - -6) - 9)?
-23
(-16 - (-29 + 10)) + -16
-13
What is (-16 + 19 - 12) + 24 + 2 + 10?
27
What is (4 - (-13 + -5)) + -10?
12
What is the value of 2 + -17 - (19 + -15)?
-19
Evaluate 33 + -10 + 1 + -15 - -11.
20
What is -1 - -7 - (-23 + 49)?
-20
What is (-29 - 7) + 30 + 19?
13
What is the value of 97 + -69 - (32 + -4)?
0
What is 6 + -17 + -17 + (47 - 15)?
4
What is -10 - (-2 - 0 - (-34 + 47))?
5
Calculate -14 - (-14 - -5 - (-8 + -1)).
-14
What is -1 + (-11 - (-11 - 13))?
12
Calculate -9 + 4 + -27 + 16 + -2.
-18
Calculate 9 + -54 + 20 - -42.
17
Calculate -14 - (0 + -7 + (-58 - -64)).
-13
1051 - 1017 - (0 - -32)
2
Calculate -1 + (5 - (-2 + 1)) - (-138 + 137).
6
What is the value of (-64 - -43) + -11 - -66?
34
What is the value of 8 + -22 - -31 - (-9 + 20)?
6
What is 2 - ((11 + 1 - 6) + -2 + -4)?
2
What is -15 - -8 - (0 + 11 + 13 + -17)?
-14
What is 0 - (1 - 4) - ((-21 - -5) + 30)?
-11
What is (-5 - 1) + 9 + -11 - (-7 + 5)?
-6
What is the value of -20 + 1 + 3 - (-3 - (-16 + 18))?
-11
Evaluate -32 + 28 - (3 - (-6 + -11)).
-24
What is -13 - (-33 - -9) - 10?
1
Calculate 14 + ((-8 - 4) + -3 - -19).
18
What is the value of 2 - (20 - 3) - -17?
2
Evaluate -11 - (-1 - -9 - 15).
-4
What is the value of 32 - 39 - (1 - 9)?
1
Evaluate -11 + 5 + (-8 - -3) - 3.
-14
Calculate (-2 + -2 - 2) + -18 - -9.
-15
2 + 1 - (-3 + (-3 - (-10 - 3)))
-4
-13 + -11 + (-7 - -14)
-17
1 + (-3 - (-8 - -3)) - -5
8
What is the value of (4 + (4 - 7) - (3 - -1)) + -2?
-5
-8 + (16 - (-8 - -24) - (-3 - -1))
-6
What is the value of -25 + 4 + (19 - 12)?
-14
What is 15 - (5 - ((-5 + 9 - -4) + 2))?
20
5 - (-1 + (5 - -1) + 37 + -41)
4
7 + -1 + (19 - 16)
9
What is the value of 2 + -1 + 3 + (-3 - 3)?
-2
What is the value of -1 - (21 + -10 + 3 + -7 + -23)?
15
What is the value of 2 + (2 - -7) + -14 + (-2 - -10)?
5
Calculate 10 + (0 + -2 - (11 + 1)).
-4
-23 + 54 + -11 + -8
12
What is the value of -11 - (6 - (-1 + 7 - 2))?
-13
6 + 1 - (99 + -74 - (0 + 3))
-15
Evaluate 6 + 1 - 6 - 14.
-13
(-2 - -8) + (5 - 0) + (-6 - -2)
7
What is 11 - (-3 - (4 + 5) - -7)?
16
What is 7 - (21 - (11 - 2))?
-5
Evaluate -9 - (7 - (7 + -4 + -5)).
-18
Calculate -27 + 9 - -12 - (2 + -16 + -1).
9
(-23 - (-6 - 12)) + (3 - -1) + 3
2
What is 6 - 5 - 6 - -11 - 14?
-8
Calculate 2 + 8 - ((0 - 14) + (-102 - -110)).
16
Evaluate (-61 - -43) + (1 - -6).
-11
What is the value of -71 + 26 + 20 - -16?
-9
7 - (-9 + (21 - 7) - 6)
8
What is -2 - 9 - (45 + -45)?
-11
-3 + 0 + 2 - (5 + (-30 - -3))
21
What is (2 - -3 - -2) + -1 - 5?
1
Calculate 21 - 50 - (-15 + 0).
-14
(2 - -2 - 3) + (9 - 21 - -6)
-5
Evaluate (6 + -1 - -6) + (-12 - -10) + -29.
-20
Calculate -2 + -3 - 3 - (29 - 21).
-16
What is the value of -19 + 11 + (-1 - 12) + 3?
-18
What is -1 + (0 + 7 + -7 + -3 - -3)?
-1
What is 25 + -44 + (-4 - -2)?
-21
What is the value of -8 - (-20 + 44) - (-9 + -3)?
-20
Calculate -323 + 351 - (3 + (5 - 4) - -3).
21
Calculate 21 - (-11 - -4 - 8 - 0).
36
What is 56 + -57 + (36 - (1 - -2)) - 9?
23
Calculate (-7 - (10 + -37 - -10)) + -5.
5
What is 2 - 16 - (42 + -65)?
9
What is the value of 3 + 0 + (22 - 23) - (-3 + -3)?
8
What is -20 + (3 - 7 - -10) + (19 - 29)?
-24
Calculate (1 - (-1 + -16) - 4) + -40.
-26
What is 13 + (-26 - -10) + 1 + -1 + 13?
10
Evaluate -61 + 53 - (1 - -6).
-15
Calculate 14 - (6 + 2) - ((-2 - -8) + -7).
7
-191 + 194 + (3 + -30 - 0)
-24
What is the value of -3 + (-12 - (-24 - -10))?
-1
-20 + (59 - 30) - (-1 + 0 + -7)
17
What is the value of 2 + (4 - 1) + (-24 - -18) + -4?
-5
3 + (5 - 16) - (-3 + 14)
-19
What is the value of 14 - (-13 - 0 - -18)?
9
(1 - (-3 + -3)) + 10 + -1 + -2
14
Evaluate 48 - (118 - 43) - -32.
5
(3 - (-2 - 3)) + (11 + -27 - -9)
1
Calculate -13 - (33 + -35) - (0 + -12).
1
What is the value of (4 - -1) + 3 + (20 - 28)?
0
What is the value of 3 - 3 - (4 - (-3 - (-9 + 0)))?
2
-26 - (-18 - -3 - -9)
-20
What is 0 + (-57 - -60) + -2 + 6?
7
What is the value of -17 + 9 + 16 + 4?
12
(-1 - -6) + (15 - 43) + 14
-9
What is 5 - 3 - ((-7 - (-2 + -7)) + -6)?
6
What is -26 + -10 + 5 + 18?
-13
-4 + (6 + 0 + -4 - -4) + -5
-3
Evaluate (28 - 15) + (13 - 8 - 14).
4
Calculate -1 + (-33 + 45 - ((4 - 4) + 2)).
9
What is 0 + -3 + (-2 - (-8 - 2)) - 15?
-10
Calculate (-3 - 6) + 21 + (1 - 5).
8
0 - ((111 - 96) + (2 - 15))
-2
Calculate (2 - 3 - 0) + -4 + 8 - 1.
2
13 + (-1 - 8) + -1 - (1 + 16)
-14
Evaluate 0 + (-2 - 3) - (-4 + (4 - 1)).
-4
What is the value of 2 - ((1 + 13 - 1) + -6)?
-5
Evaluate -6 + -4 + -3 + -4 + 11.
-6
Evaluate -2 + 0 - ((6 - -2) + -15).
5
Calculate -11 - (9 - (3 + 5)) - -19.
7
(6 - 5) + (12 - 7) + (1 - -6)
13
Calculate 38 + -15 - 14 - -6.
15
What is the value of (-81 - -89) + (-2 + -3 - -3) + -31?
-25
4 + 2 + (-2 + -14 + 8 - -5)
3
Evaluate (23 - 2 - (-13 + 4)) + -2 + 0.
28
Calculate -4 - 1 - (-3 + -14 + 13 + -19).
18
(6 - 7) + 12 + (-3 - 4) - 18
-14
What is the value of -7 + -17 + 28 + -14?
-10
What is the value of 1 + -3 - 3 - -20?
15
What is 0 + 5 + (1670 - 1692)?
-17
What is (3 + 0 + 9 - 3) + -13 - -6?
2
Calculate -11 + (24 - (21 - 18)).
10
What is 0 - (-24 - (3 - 17))?
10
Calculate (-4 - 24) + 7 + -12.
-33
(1 - 3) + 1 + 7 + -2
4
What is the value of 9 + (-6 - -1) + (-5 - -12 - 9)?
2
What is the value of 8 - (-7 - (-2 + 2) - 5)?
20
Calculate 13 + -13 + 5 + -14 + 7.
-2
Calculate -1 + -5 + (1 - (-5 + -11 + 17)).
-6
Calculate 2 + -4 + 1 + 0 - (-37 - -41).
-5
Calculate 22 - (10 - (3 - (11 - 11))).
15
Calculate (23 - 47) + (20 - -3).
-1
-22 - (-24 - 4) - (-3 - -1)
8
What is the value of 14 + -3 - (-47 + 52)?
6
What is -1 + 4 - (-101 + 106) - -9?
7
What is (-8 - (-5 - ((4 - 1) + -1))) + 15?
14
Evaluate -9 + (51 - 44 - (0 + -8)).
6
What is 8 + 5 + (0 - 5 - -11 - -1)?
20
32 + -12 + -49 + 9 + 0
-20
Calculate 20 - (11 + 0 + -1 - 16 - -9).
17
What is the value of (0 - (-17 + 23)) + 18?
12
Evaluate -6 - 2 - (58 + -84).
18
Evaluate (-10 - (22 - 47)) + 0.
15
What is the value of (-6 - 5 - (-8 + 1)) + (0 - 9)?
-13
0 + 2 + -15 + 20
7
Calculate -6 - (54 + -29) - -26.
-5
Calculate (-51 - -22) + -18 + 42.
-5
Calculate -39 + (35 - (-53 - -16)).
33
What is the value of (3 - (-10 + 5 - 4)) + -10?
2
(65 + -41 - (12 + 0)) + 2
14
(-26 + 10 - 1) + 35
18
Calculate -12 + 47 + -17 + -20.
-2
-18 - (-24 + 0 + 14 + 21)
-29
Calculate -43 + 25 - (6 - 36).
12
Evaluate -11 - (-32 + 18 - 4).
7
Evaluate 10 + -30 + 26 + (-2 - -15).
19
What is (9 - -10 - -7) + -14?
12
What is (4 - 13) + -1 + 2?
-8
Calculate 35 + -41 - (7 - 10).
-3
What is the value of -1 - (-8 + 8 + 2 + -9)?
6
What is 6 + -2 + (9 - 1 - 7)?
5
What is (-4 - -9) + (46 - 43) - (2 - 16)?
22
What is 11 + -9 + -1 - -6 - -2?
9
Evaluate -7 + (10 - (9 + -9 + 4)).
-1
What is the value of 3 + 1 + (-8 - -18) + -21?
-7
Calculate 1 - -7 - (-90 - -113 - (2 - 10)).
-23
What is 0 + -3 - (0 - (9 - (10 + -6)))?
2
What is 19 + 41 + -23 - 18?
19
Evaluate